 = -o - 3. Give y(h).
3
Let x(d) = -d - 12. Let q(y) = -15. Let m(a) = -2*q(a) + 2*x(a). Suppose -2*p + 14 = 4. Let s = -12 + p. Determine m(s).
20
Let u(a) = -14 - 6 + 5*a - a**3 - 184*a**2 + 192*a**2 - 15. Calculate u(8).
5
Let f(q) = -19*q**2 + 66*q - 88. Let h(t) = -88*t**2 + 307*t - 411. Let c(i) = 37*f(i) - 8*h(i). Give c(15).
47
Let k = -1129 - -1132. Let u(w) = -2*w + 4. Let v(j) = -j - 1. Let x(g) = g**2 + 7*g - 11. Let n(m) = 2*v(m) + x(m). Let l(s) = 2*n(s) + 7*u(s). Determine l(k).
8
Let u = 549 + -547. Let n(b) be the third derivative of -b**7/5040 + b**5/20 + b**2. Let i(h) be the third derivative of n(h). What is i(u)?
-2
Let f(k) = k**2 + 4*k + 3. Let b(c) = -c**2 + 8*c - 10. Let r be (20/(-16))/(2/(-8)). Let q be b(r). Let t be 1 - 37/q - (-3)/(-5). What is f(t)?
24
Let a be 1/(-3) + (36 + -35)/((-9)/6). Let v(q) = -2*q**3 - 2*q**2. What is v(a)?
0
Let v(s) = s**3 - 2*s**2 - 2. Let g(c) = -5*c**3 + 9*c**2 - 8*c + 18. Let l(j) = g(j) + 6*v(j). Determine l(4).
-10
Let v(d) be the first derivative of d**3/3 - 3*d**2/2 + 4*d - 22. What is v(4)?
8
Let p(d) = d**3 - 12*d**2 + 12*d + 5. Suppose 29 = 5*c - 8*k - 2, -c = -4*k + 1. What is p(c)?
16
Let k(o) be the first derivative of 2*o**2 - 16*o + 1244. Give k(5).
4
Let f(x) = -1 - 7263*x + 14521*x - 7267*x. Suppose -5*b + 5 = -5*k, -5*k = -0*k + 4*b + 32. Determine f(k).
35
Let d(j) = -3*j**2 + j - 8. Let l = 24524 + -24517. Give d(l).
-148
Let a(p) = -3*p**3 - p - 8. Let q(b) = 2*b**3 + b + 8. Let j(s) = 3*a(s) + 4*q(s). Let u = 122 + -122. Give j(u).
8
Let l(f) = -5*f - 79. Suppose 83*j + 145*j + 4538 - 662 = 0. Determine l(j).
6
Let x = 12 - 8. Let f be ((-800)/(-12))/10*(-12)/(-16). Let n(m) = 0*m - 24*m**2 + 15*m**2 + 5*m**2 + f*m**2 + 1 - 2*m. Calculate n(x).
9
Let h(u) = -u**2 + 5*u + 6. Let m be 1514/5 + (-3)/(-15) + 2. Suppose 9*t - 14*t + m = 0. Let a = -56 + t. Determine h(a).
6
Suppose u = -u + 14. Let t(d) be the first derivative of d**4/12 - 4*d**3/3 - 24*d**2 - 30. Let i(w) be the second derivative of t(w). Calculate i(u).
6
Let j(k) be the first derivative of k**3/3 + 45*k**2/2 - 2*k - 10622. Calculate j(-45).
-2
Let q(d) = -d**3 + 9*d**2 - 9*d + 3. Let c be q(8). Let z(b) = 7*b - 16. What is z(c)?
-51
Suppose 0*x = 4*x - 5*y + 4, -x + 12 = 2*y. Suppose 5*j - 390 = -3*n, -3*j + x*n = -307 + 73. Let c(m) = -j + 82 + m**2 + m + 0*m. Give c(4).
24
Let s be (-117)/(-6) - 1/(3 - 1). Suppose s*l - l = -18. Let i(q) = 20*q + 1. Let m(n) = -21*n - 1. Let f(h) = -6*i(h) - 5*m(h). Give f(l).
14
Let l(d) = -d + 32. Let s be l(4). Suppose 10*x = -s - 32. Let j(b) = 3*b + 4. Let q(r) = 3*r + 3. Let o(h) = -3*j(h) + 2*q(h). Calculate o(x).
12
Let o(y) = 7181*y**2 + 7 - 3*y + 2*y - y**3 - 14385*y**2 + 7195*y**2 + 2*y**3. Give o(10).
97
Let l(t) = 22*t + 3. Let v(g) = -40*g - 7. Let c(j) = 11*l(j) + 6*v(j). Determine c(7).
5
Suppose -4*m - b - 8 = 0, 10*b = -m + 14*b - 19. Let w(k) = 2 + 2*k + 1 + 1. Give w(m).
-2
Let m be (-3)/(-4*2/(-48)*-2). Suppose -12*s + 45 = m. Let c(o) = 13*o + 1 - 6*o - o - 4*o. What is c(s)?
7
Let f(q) be the third derivative of q**5/30 + q**4/12 + 73*q**3/6 - 70*q**2. Give f(0).
73
Let m(r) = -3 - 7 - 4 + r**2 - 2*r**2 + 10*r. Suppose -47*i - 114*i = -1127. Give m(i).
7
Let s(k) = k + 68. Let b(o) = -2*o - 120. Let t(d) = -3*b(d) - 5*s(d). Determine t(-16).
4
Let x(r) be the second derivative of -11*r + 1/2*r**4 - 1/20*r**5 - 7/2*r**2 + 0 - 5/6*r**3. Let n be x(5). Let a(h) = h**3 + 7*h**2 + h + 6. Determine a(n).
-1
Let f(n) = n**3 - 4*n**2 + 3*n + 2. Let c(d) = d**3 + 13*d**2 - 20*d - 77. Let y be c(-14). Let h be (-6)/(y/(-14)*(-4)/(-1)). What is f(h)?
2
Let s(l) = 9*l + 82. Suppose t - 24*t - 207 = 0. Let u be s(t). Let h(c) = -2*c - 4. Determine h(u).
-6
Let m(i) = -15*i**3 + 0 + 6*i**3 + 0. Let b(r) = r**3 + 3*r**2 - 3. Suppose 0 = -k + d, -k - 19*d = -17*d + 6. Let n be b(k). Determine m(n).
-9
Let a(i) = 5*i**2 - 30*i - 30. Let p(d) = -452*d - 1. Let w be p(0). Determine a(w).
5
Let h be 2/(-5) + 153/45. Let w(q) = h*q**2 + 0*q**2 + 6 - 5*q**2 - 10*q + 3*q**2. Suppose -23*y + 30*y - 63 = 0. Give w(y).
-3
Suppose 99*k - 205 = 94*k. Let b be k + -54 + 7 + 0. Let s(h) = h**3 + 6*h**2 + 2*h + 7. What is s(b)?
-5
Let r(s) be the third derivative of s**6/120 + 2*s**5/15 - 5*s**4/8 - s**3/3 + 7008*s**2. What is r(-9)?
52
Let k(l) be the third derivative of -l**6/120 - l**5/12 + l**4/4 + 2*l**3 - 4245*l**2. Determine k(-6).
12
Let f(i) be the first derivative of 4*i - 236 + 7/3*i**3 - 5/2*i**2. Calculate f(1).
6
Let q(u) = 4*u**3 + 53*u**2 - 6*u - 7. Let v(k) = -7*k**3 - 97*k**2 + 12*k + 13. Let n(c) = -9*q(c) - 5*v(c). Give n(7).
5
Let f(p) = 15*p - 369. Let s be (30/(-54))/((-12)/540). Give f(s).
6
Let f(d) be the third derivative of 1/2*d**3 - d**2 + 17*d + 0 - 1/12*d**4 - 1/30*d**5. Determine f(2).
-9
Let m(h) = -87*h**3 + 14*h**2 + 28*h - 5. Let j(f) = 38*f**3 - 6*f**2 - 12*f + 2. Let q(s) = -16*j(s) - 7*m(s). Let g = -4 + 7. Determine q(g).
0
Let t(z) = 2*z + 12*z**2 - 11*z**2 - 5*z + 0*z + 4 - 3*z. Let a = -6 - -7. Suppose 4*b + 3*y = 8, 2*b - b = -y + a. Give t(b).
-1
Let o be (5/20)/(2*(-1)/(-88)). Let d(s) = -3*s - o*s - 2 + 4*s + 9*s. Determine d(-6).
4
Let l(h) = -h**2 - 27*h - 96. Suppose 0 = -2*t - 5*c - 46, t + 4 + 19 = -5*c. Calculate l(t).
-4
Let n = 8 - 3. Suppose -181 + 296 = 23*g. Let v(w) = 2*w**3 + 450*w - 2*w**3 + 5*w**2 + g - 445*w - w**3. Give v(n).
30
Suppose 0*n + 6*n - 30 = 0. Let j(l) be the first derivative of -l**2/2 - 6*l - 202. Determine j(n).
-11
Let i(z) = -z**3 + 6*z**2 + 7*z + 7. Suppose -3*s = 2*p - 6, -3*p + 7*s - 3*s + 43 = 0. Let f(l) = 16 - 205*l + 410*l - 206*l. Let y be f(p). Calculate i(y).
7
Let n be 0/(-1)*(-31)/62. Suppose 0 = -5*j - h - 4, -2*j = -n*j - h - 4. Let t(g) = g + 25. Give t(j).
25
Let s(k) = -6*k - 3. Let q be s(-1). Let r(x) = -13*x**3 + 3*x**2 - 13*x - 37. Let f(i) = -2*i**3 - 2*i - 5. Let z(d) = 6*f(d) - r(d). Determine z(q).
10
Let r(g) be the second derivative of g**5/10 - g**3/3 + g**2/2 + g. Let k be (-58)/(-12) - (-7)/42. Suppose -w = 2, -k*o - 13*w = -15*w - 14. Determine r(o).
13
Suppose -5*m = -5*v - 145, 143 = 4*m + m - 3*v. Suppose 33 = m*q + 61. Let b(d) = -19*d**2 + d + 1. Give b(q).
-19
Let t(w) be the third derivative of w**5/60 + 7*w**4/24 + 4*w**3/3 - 55*w**2. Suppose 2*d + 4*h + 14 = -14, -4*d - 40 = 4*h. Calculate t(d).
2
Let y be (-2)/5 + (-220)/(-50). Let d(j) = -257*j + 6 + 131*j + 4 + 122*j + 0. Determine d(y).
-6
Let a(w) = w**3 - 9*w**2 - 2*w - 19. Let y(m) = m**2 - 124*m + 1549. Let g be y(110). Give a(g).
-37
Let y(p) = -p**3 - 20*p**2 - 36*p + 3. Let v be y(-18). Let c(s) = -2*s**2 - v*s**2 + 633*s - 632*s - 5 - s**3. Calculate c(-5).
-10
Let u(o) = 7*o**3 + 3*o**2 + 3*o - 38. Let j(i) = i**3 + i - 5. Let s(b) = -6*j(b) + u(b). Calculate s(-3).
1
Let l be 3/(4 + 333/(-90)) - -1. Let m(z) = -2*z**3 + 23*z**2 - 13*z + 14. What is m(l)?
-8
Let o = -226 - -228. Let f(s) = 4*s**2 - 2*s**2 - 3*s**o + 2*s**2 + 97 - 94 - 7*s. Give f(4).
-9
Let n(y) = -9*y + 2. Let p = 3452 - 3456. What is n(p)?
38
Let o(a) be the second derivative of a**5/120 - a**4/12 + a**3/3 + a**2/2 + 48*a. Let d(b) be the second derivative of o(b). Calculate d(-2).
-4
Let s(t) be the first derivative of t**3/3 - 2*t**2 - 4*t - 1105. Calculate s(5).
1
Let b be 348/108 - 2/9. Suppose 0 = -b*i + 4*a - 8, 2*i + 4 = -5*a + 37. Let y(s) be the third derivative of s**5/60 - s**4/8 - 19*s**2. Give y(i).
4
Let h(o) = o - 11. Let b(j) = 1. Let n(u) = 3*b(u) + h(u). Let q = -38631 - -38643. Determine n(q).
4
Let y(v) = -53 + 20 - v + 28. Let w(f) = f + 5. Let n be w(0). Let b = n - 11. Give y(b).
1
Let a(j) = -6 + 98 + 7 - 2*j - 68. Determine a(8).
15
Suppose 4*q - 2 - 2 = 0, 43 = 3*u + q. Let f(j) = j**3 - 13*j**2 - 13*j - 6. Calculate f(u).
8
Let h be 80/6*(-20)/175*-21. Let r(g) = -3 - 5*g**2 + 110*g - 42*g - 32*g - h*g. Determine r(2).
-15
Let n = -13299 - -13302. Let r(p) = p**3 - 14*p**2 + 38*p - 11. Determine r(n).
4
Let h = -1440 + 783. Let x = -650 - h. Let n(t) = -t**3 + 8*t**2 - 4*t + 2. Give n(x).
23
Suppose 4*g = 1579*o - 1576*o - 70, -5*o + 35 = 5*g. Let r(p) = -2*p**2 + 26*p + 28. Give r(o).
0
Let l(k) = -k**2 + 2*k - 1. Let o(b) = b**3 - 16*b**2 + 30*b - 25. Let h be -14*(-3)/(-9)*3*-1. Let c 